{"id":21,"date":"2017-09-04T10:16:25","date_gmt":"2017-09-04T08:16:25","guid":{"rendered":"http:\/\/terravista.wotan.cc\/?page_id=21"},"modified":"2021-01-21T09:26:44","modified_gmt":"2021-01-21T08:26:44","slug":"wohngebiet-heide","status":"publish","type":"page","link":"https:\/\/terravista-immobilien.de\/index.php\/wohngebiet-heide\/","title":{"rendered":"Wohngebiet Heide"},"content":{"rendered":"<p><img loading=\"lazy\" decoding=\"async\" class=\"size-full wp-image-49 alignnone\" src=\"https:\/\/terravista-immobilien.de\/wp-content\/uploads\/2017\/09\/p001_1_01.jpg\" alt=\"\" width=\"475\" height=\"488\" srcset=\"https:\/\/terravista-immobilien.de\/wp-content\/uploads\/2017\/09\/p001_1_01.jpg 475w, https:\/\/terravista-immobilien.de\/wp-content\/uploads\/2017\/09\/p001_1_01-292x300.jpg 292w\" sizes=\"auto, (max-width: 475px) 100vw, 475px\" \/><\/p>\n<p>Das Wohngebiet wurde in den Jahren 1975 bis 1979 erbaut.<br \/>Hier befinden sich 30 Wohnungseinheiten.<\/p>\n<p>Verschiedene Einkaufsm\u00f6glichkeiten, ein Kindergarten und Grundschule sowie Gymnasium und eine Sparkasse, runden das Wohnen ab.<br \/>Das Wohngebiet liegt am Stadtrand von Schwarzenberg. Sie erreichen es \u00fcber die B 101, Abzweig Richtung Hofgarten\/Heide.<\/p>\n<hr \/>\n<p><strong><a href=\"https:\/\/terravista-immobilien.de\/wp-content\/uploads\/2021\/01\/Energieausweis_Heidenweg_1-5.pdf\">Energieausweis_Heidenweg_1-5<\/a><a href=\"https:\/\/terravista-immobilien.de\/wp-content\/uploads\/2021\/01\/Energieausweis_Heidenweg_1-5.png\"><img loading=\"lazy\" decoding=\"async\" class=\"alignright wp-image-12333 size-thumbnail\" src=\"https:\/\/terravista-immobilien.de\/wp-content\/uploads\/2021\/01\/Energieausweis_Heidenweg_1-5-150x150.png\" alt=\"\" width=\"150\" height=\"150\" srcset=\"https:\/\/terravista-immobilien.de\/wp-content\/uploads\/2021\/01\/Energieausweis_Heidenweg_1-5-150x150.png 150w, https:\/\/terravista-immobilien.de\/wp-content\/uploads\/2021\/01\/Energieausweis_Heidenweg_1-5-90x90.png 90w, https:\/\/terravista-immobilien.de\/wp-content\/uploads\/2021\/01\/Energieausweis_Heidenweg_1-5-75x75.png 75w\" sizes=\"auto, (max-width: 150px) 100vw, 150px\" \/><\/a><\/strong><br \/><br \/>Baujahr Geb\u00e4ude: 1978.<br \/>Baujahr Anlagentechnik: 1978.<br \/>Energietr\u00e4ger: Fernw\u00e4rme.<br \/>Ausweistyp: Verbrauchsausweis.<br \/>Energiekennwert: 91,1 kWh\/(m2*a) inklusive Warmwasser.<\/p>\n\n","protected":false},"excerpt":{"rendered":"<p>Das Wohngebiet wurde in den Jahren 1975 bis 1979 erbaut.Hier befinden sich 30 Wohnungseinheiten. Verschiedene Einkaufsm\u00f6glichkeiten, ein Kindergarten und Grundschule sowie Gymnasium und eine Sparkasse, runden das Wohnen ab.Das Wohngebiet liegt am Stadtrand von Schwarzenberg. Sie erreichen es \u00fcber die B 101, Abzweig Richtung Hofgarten\/Heide. Energieausweis_Heidenweg_1-5 Baujahr Geb\u00e4ude: 1978.Baujahr Anlagentechnik: 1978.Energietr\u00e4ger: Fernw\u00e4rme.Ausweistyp: Verbrauchsausweis.Energiekennwert: 91,1 kWh\/(m2*a) inklusive Warmwasser.<\/p>\n","protected":false},"author":1,"featured_media":0,"parent":0,"menu_order":1,"comment_status":"closed","ping_status":"closed","template":"","meta":{"footnotes":""},"class_list":["post-21","page","type-page","status-publish","hentry"],"_links":{"self":[{"href":"https:\/\/terravista-immobilien.de\/index.php\/wp-json\/wp\/v2\/pages\/21","targetHints":{"allow":["GET"]}}],"collection":[{"href":"https:\/\/terravista-immobilien.de\/index.php\/wp-json\/wp\/v2\/pages"}],"about":[{"href":"https:\/\/terravista-immobilien.de\/index.php\/wp-json\/wp\/v2\/types\/page"}],"author":[{"embeddable":true,"href":"https:\/\/terravista-immobilien.de\/index.php\/wp-json\/wp\/v2\/users\/1"}],"replies":[{"embeddable":true,"href":"https:\/\/terravista-immobilien.de\/index.php\/wp-json\/wp\/v2\/comments?post=21"}],"version-history":[{"count":8,"href":"https:\/\/terravista-immobilien.de\/index.php\/wp-json\/wp\/v2\/pages\/21\/revisions"}],"predecessor-version":[{"id":12334,"href":"https:\/\/terravista-immobilien.de\/index.php\/wp-json\/wp\/v2\/pages\/21\/revisions\/12334"}],"wp:attachment":[{"href":"https:\/\/terravista-immobilien.de\/index.php\/wp-json\/wp\/v2\/media?parent=21"}],"curies":[{"name":"wp","href":"https:\/\/api.w.org\/{rel}","templated":true}]}}

<p><img loading="lazy" decoding="async" class="size-full wp-image-49 alignnone" src="https://terravista-immobilien.de/wp-content/uploads/2017/09/p001_1_01.jpg" alt="" width="475" height="488" srcset="https://terravista-immobilien.de/wp-content/uploads/2017/09/p001_1_01.jpg 475w, https://terravista-immobilien.de/wp-content/uploads/2017/09/p001_1_01-292x300.jpg 292w" sizes="auto, (max-width: 475px) 100vw, 475px" /></p>
<p>Das Wohngebiet wurde in den Jahren 1975 bis 1979 erbaut.<br />Hier befinden sich 30 Wohnungseinheiten.</p>
<p>Verschiedene Einkaufsmöglichkeiten, ein Kindergarten und Grundschule sowie Gymnasium und eine Sparkasse, runden das Wohnen ab.<br />Das Wohngebiet liegt am Stadtrand von Schwarzenberg. Sie erreichen es über die B 101, Abzweig Richtung Hofgarten/Heide.</p>
<hr />
<p><strong><a href="https://terravista-immobilien.de/wp-content/uploads/2021/01/Energieausweis_Heidenweg_1-5.pdf">Energieausweis_Heidenweg_1-5</a><a href="https://terravista-immobilien.de/wp-content/uploads/2021/01/Energieausweis_Heidenweg_1-5.png"><img loading="lazy" decoding="async" class="alignright wp-image-12333 size-thumbnail" src="https://terravista-immobilien.de/wp-content/uploads/2021/01/Energieausweis_Heidenweg_1-5-150x150.png" alt="" width="150" height="150" srcset="https://terravista-immobilien.de/wp-content/uploads/2021/01/Energieausweis_Heidenweg_1-5-150x150.png 150w, https://terravista-immobilien.de/wp-content/uploads/2021/01/Energieausweis_Heidenweg_1-5-90x90.png 90w, https://terravista-immobilien.de/wp-content/uploads/2021/01/Energieausweis_Heidenweg_1-5-75x75.png 75w" sizes="auto, (max-width: 150px) 100vw, 150px" /></a></strong><br /><br />Baujahr Gebäude: 1978.<br />Baujahr Anlagentechnik: 1978.<br />Energieträger: Fernwärme.<br />Ausweistyp: Verbrauchsausweis.<br />Energiekennwert: 91,1 kWh/(m2*a) inklusive Warmwasser.</p>

<p>Das Wohngebiet wurde in den Jahren 1975 bis 1979 erbaut.Hier befinden sich 30 Wohnungseinheiten. Verschiedene Einkaufsmöglichkeiten, ein Kindergarten und Grundschule sowie Gymnasium und eine Sparkasse, runden das Wohnen ab.Das Wohngebiet liegt am Stadtrand von Schwarzenberg. Sie erreichen es über die B 101, Abzweig Richtung Hofgarten/Heide. Energieausweis_Heidenweg_1-5 Baujahr Gebäude: 1978.Baujahr Anlagentechnik: 1978.Energieträger: Fernwärme.Ausweistyp: Verbrauchsausweis.Energiekennwert: 91,1 kWh/(m2*a) inklusive Warmwasser.</p>
