{"id":96,"date":"2017-10-24T11:38:49","date_gmt":"2017-10-24T09:38:49","guid":{"rendered":"http:\/\/terravista-immobilien.de\/?page_id=96"},"modified":"2018-05-24T11:24:55","modified_gmt":"2018-05-24T09:24:55","slug":"4-raum-wohnungen","status":"publish","type":"page","link":"https:\/\/terravista-immobilien.de\/index.php\/wohngebiet-sonnenleithe\/4-raum-wohnungen\/","title":{"rendered":"4 Raum Wohnungen"},"content":{"rendered":"<div class=\"floatleft\">\n<p>&nbsp;<\/p>\n<p><img loading=\"lazy\" decoding=\"async\" class=\"aligncenter size-full wp-image-95\" src=\"https:\/\/terravista-immobilien.de\/wp-content\/uploads\/2017\/10\/4-raum-links.jpg\" alt=\"\" width=\"469\" height=\"889\" srcset=\"https:\/\/terravista-immobilien.de\/wp-content\/uploads\/2017\/10\/4-raum-links.jpg 469w, https:\/\/terravista-immobilien.de\/wp-content\/uploads\/2017\/10\/4-raum-links-158x300.jpg 158w\" sizes=\"auto, (max-width: 469px) 100vw, 469px\" \/><\/p>\n<p><strong>Sachsenfelder Stra\u00dfe 11<\/strong><\/p>\n<\/div>\n<div class=\"floatright\">\n<table>\n<tbody>\n<tr>\n<td class=\"right\"><em><strong>Ausstattung<\/strong><\/em><\/td>\n<td><em><strong>4 Raum 4.OG links<\/strong><\/em><\/td>\n<\/tr>\n<tr>\n<td><\/td>\n<td><\/td>\n<\/tr>\n<tr>\n<td class=\"right\">Objektzustand:<\/td>\n<td>modernisiert<\/td>\n<\/tr>\n<tr>\n<td class=\"right\">Wohnfl\u00e4che:<\/td>\n<td>68,59 m\u00b2<\/td>\n<\/tr>\n<tr>\n<td class=\"right\">Bad:<\/td>\n<td>Badewanne<\/td>\n<\/tr>\n<tr>\n<td class=\"right\">K\u00fcche:<\/td>\n<td>ohne Einbauk\u00fcche<\/td>\n<\/tr>\n<tr>\n<td class=\"right\">Heizung:<\/td>\n<td>Zentralheizung<\/td>\n<\/tr>\n<tr>\n<td class=\"right\">TV Anschluss:<\/td>\n<td>Anschlussdose vorhanden<\/td>\n<\/tr>\n<tr>\n<td class=\"right\">Haustier:<\/td>\n<td>auf Anfrage<\/td>\n<\/tr>\n<tr>\n<td class=\"right\">Balkon:<\/td>\n<td>ja<\/td>\n<\/tr>\n<tr>\n<td><\/td>\n<td><\/td>\n<\/tr>\n<tr>\n<td class=\"right\"><em><strong>Nebengelass<\/strong><\/em><\/td>\n<td><span class=\"example-image\">W\u00e4scheplatz<\/span> im Freien<\/td>\n<\/tr>\n<tr>\n<td><\/td>\n<td>Keller<\/td>\n<\/tr>\n<\/tbody>\n<\/table>\n<\/div>\n","protected":false},"excerpt":{"rendered":"<p>&nbsp; Sachsenfelder Stra\u00dfe 11 Ausstattung 4 Raum 4.OG links Objektzustand: modernisiert Wohnfl\u00e4che: 68,59 m\u00b2 Bad: Badewanne K\u00fcche: ohne Einbauk\u00fcche Heizung: Zentralheizung TV Anschluss: Anschlussdose vorhanden Haustier: auf Anfrage Balkon: ja Nebengelass W\u00e4scheplatz im Freien Keller<\/p>\n","protected":false},"author":1,"featured_media":0,"parent":23,"menu_order":3,"comment_status":"closed","ping_status":"closed","template":"","meta":{"footnotes":""},"class_list":["post-96","page","type-page","status-publish","hentry"],"_links":{"self":[{"href":"https:\/\/terravista-immobilien.de\/index.php\/wp-json\/wp\/v2\/pages\/96","targetHints":{"allow":["GET"]}}],"collection":[{"href":"https:\/\/terravista-immobilien.de\/index.php\/wp-json\/wp\/v2\/pages"}],"about":[{"href":"https:\/\/terravista-immobilien.de\/index.php\/wp-json\/wp\/v2\/types\/page"}],"author":[{"embeddable":true,"href":"https:\/\/terravista-immobilien.de\/index.php\/wp-json\/wp\/v2\/users\/1"}],"replies":[{"embeddable":true,"href":"https:\/\/terravista-immobilien.de\/index.php\/wp-json\/wp\/v2\/comments?post=96"}],"version-history":[{"count":4,"href":"https:\/\/terravista-immobilien.de\/index.php\/wp-json\/wp\/v2\/pages\/96\/revisions"}],"predecessor-version":[{"id":233,"href":"https:\/\/terravista-immobilien.de\/index.php\/wp-json\/wp\/v2\/pages\/96\/revisions\/233"}],"up":[{"embeddable":true,"href":"https:\/\/terravista-immobilien.de\/index.php\/wp-json\/wp\/v2\/pages\/23"}],"wp:attachment":[{"href":"https:\/\/terravista-immobilien.de\/index.php\/wp-json\/wp\/v2\/media?parent=96"}],"curies":[{"name":"wp","href":"https:\/\/api.w.org\/{rel}","templated":true}]}}